2 + -1)*-4 + -1. Let l(o) = -o + 3. Let i be l(k). Suppose -4*t - 32 = -i*t. List the prime factors of t.
2
Suppose 44 = 3*d - 16. Suppose 0 = 3*p + 2*p - d. Suppose 5*i - 24 = -k, 0*k + 2*k = -p*i + 42. List the prime factors of k.
19
Suppose -s + 5 - 11 = 0. List the prime factors of ((-3)/s)/((-5)/(-370)).
37
Suppose 7*m + 8 = 11*m. Suppose m*r + r + 5*d - 91 = 0, 2*d - 10 = 0. List the prime factors of r.
2, 11
Let b(u) = u - 4. Let c = 2 - -3. Let w be b(c). Suppose 4*m - 11 = w. List the prime factors of m.
3
Let i(w) be the first derivative of -w**4/4 + w**3/3 + w**2/2 + 5. Let g be i(2). What are the prime factors of (-70)/(-4) - g/(-4)?
17
Let u = -4 - 7. Let d(f) = f**2 + 8*f + 17. What are the prime factors of d(u)?
2, 5
Let k be (11/22)/((-2)/(-104)). Suppose -4*g + 150 = k. List the prime factors of g.
31
Let j = -10 + 14. Suppose j*z + g - 6*g - 205 = 0, 2*z = -2*g + 80. Suppose 5*s - 5 - z = 0. What are the prime factors of s?
2, 5
Let t(p) = p**2 + 3*p - 6. Let l be (3 + 3)/(1 - 2). What are the prime factors of t(l)?
2, 3
Suppose -k = -5*r - 5*k + 157, 2*k = -3*r + 95. List the prime factors of r.
3, 11
Let j(g) = -5 + 5*g - 7 + 2 + 3. List the prime factors of j(7).
2, 7
Let o = -26 - -29. List the prime factors of o.
3
Let t be 856/12 + (-4)/(-6). Suppose -t = -2*w - 2*w. What are the prime factors of w?
2, 3
List the prime factors of (-1*57/(-12))/(3/12).
19
Let n be 35/(-14) + 3/(-6). Let s(z) be the third derivative of -z**6/120 - z**5/30 + z**4/8 + z**3/3 - z**2. List the prime factors of s(n).
2
What are the prime factors of 1/(-4) - (-2739)/44?
2, 31
Suppose -4*r = -9*r + 25. Suppose t = r*t - 104. List the prime factors of t.
2, 13
Let x(h) = -h**3 + 16*h**2 - 11*h + 20. What are the prime factors of x(15)?
2, 5
Let q = -2 - -2. Suppose 42 = -q*t + 2*t. What are the prime factors of t?
3, 7
What are the prime factors of 12875/50 + (-2)/(-4)?
2, 3, 43
Let z(h) = h**2 + 7*h + 7. Let g be z(-6). What are the prime factors of (-7)/2*(g + -3)?
7
Let u = 241 + 30. What are the prime factors of u?
271
Suppose h - 17 + 5 = d, 0 = -5*h - 2*d + 88. What are the prime factors of h?
2
Suppose 2 = -2*n + 3*n. What are the prime factors of n/4 - (-26)/4?
7
Suppose 3*o + 17 = -4*l + 41, 0 = 2*l + o - 12. Let p = -6 + l. Suppose 2*f + 3*f - 50 = p. What are the prime factors of f?
2, 5
Let s = 7 - 4. Suppose -38 = s*v - 5*v. List the prime factors of v.
19
Suppose 5*u + 2 = 4*u. Let n(s) = -29*s - 2. What are the prime factors of n(u)?
2, 7
List the prime factors of 138*46/20 - 6/15.
317
Let s be 1/3 - 20/6. Let q(x) = -2*x + 3. Let t be q(s). Let v(y) = -y**2 + 9*y + 12. List the prime factors of v(t).
2, 3
Let d = -8 - -11. Suppose -7*g + 3*g + 12 = 0. Let x = d + g. List the prime factors of x.
2, 3
Suppose 5*m = 187 + 93. What are the prime factors of m?
2, 7
Let t(b) = -4*b**3 + b**2 - 1. Let c be -1 - 4 - (-3 - 0). List the prime factors of t(c).
5, 7
Let j = 71 + -9. Suppose -2*d = 3*z - j, 0 = -z - 0*d - 2*d + 22. What are the prime factors of z?
2, 5
Suppose -3*d + 5*g = 31 - 76, 4*d = -g + 60. Let r = d - 3. List the prime factors of r.
2, 3
Let r = 19 + 64. Suppose r = 4*c - 5. List the prime factors of c.
2, 11
Let s(g) = -g - 2. What are the prime factors of s(-4)?
2
Suppose 0 = -4*h + 3 + 1. List the prime factors of h*2*(-7)/(-2).
7
Let l = -17 - -34. Suppose -l = -6*t + 2*t + 3*s, -4*t + 5*s + 15 = 0. Let z(n) = -n**2 + 7*n + 4. What are the prime factors of z(t)?
2, 7
Let c(d) = -d**3 + 7*d**2 + 6. Let r be c(7). What are the prime factors of 42*4/r + 3?
31
Suppose -4*c - 4*c + 408 = 0. What are the prime factors of c?
3, 17
Let t = 1 - 6. Let r be 2/(-4)*8/2. Let m = r - t. List the prime factors of m.
3
Let d = -30 - -58. Suppose -5*t - d = -u, 0*t - t = -2*u + 56. What are the prime factors of u?
2, 7
Let j(p) = 0*p**2 + 3*p**2 - 5 + 4. Let b be j(1). Suppose 5*x - 38 = -2*z - b*z, 0 = x + 2. What are the prime factors of z?
2, 3
Let u = -306 - -662. What are the prime factors of u?
2, 89
Suppose -43 + 8 = 5*d. Let p(j) = -j**3 - 8*j**2 - 8*j + 5. What are the prime factors of p(d)?
2, 3
List the prime factors of (2 - 51/(-18)) + (-1)/(-6).
5
Let y(d) = d**3 - 5*d**2 - 4*d - 3. Let k be (-5)/(-20) + 30/8. Suppose 0 = b + k*i - 14, 5*b + 2*i - 28 = 3*i. List the prime factors of y(b).
3
Let n(z) be the second derivative of z**4/12 - z**2/2 - 3*z. List the prime factors of n(2).
3
Suppose -2*b - 2 = 0, 65 + 10 = 2*g + 3*b. List the prime factors of g.
3, 13
Suppose 0 = -4*v + 3*z + 196, -4*v = -0*z + 3*z - 172. Suppose j = -j + v. List the prime factors of j.
23
Let n = -3 - -18. What are the prime factors of n?
3, 5
Let p(f) = 2*f. Let m be p(1). Suppose 3*d - 9 = m*d. What are the prime factors of d?
3
Let a(v) = 2. Let h(c) = -c + 3. Let z(x) = 3*a(x) - 2*h(x). What are the prime factors of z(5)?
2, 5
Suppose -3*b = -3*x - 117, b + 0*x - 33 = -2*x. List the prime factors of b.
37
Let n be (-4)/(-20) - 102/10. Let y = -5 - n. What are the prime factors of y?
5
Let c be 47 - (-4 - 1/(-1)). Suppose -c = -4*x - 3*i, -x - 4*x - i + 68 = 0. What are the prime factors of x?
2, 7
Suppose -p + 0*p = -6. Let b be (-4)/p + (-114)/(-9). Suppose 0*u - 2*g = 2*u - b, -g = -3*u + 10. List the prime factors of u.
2
Let x(o) = -o**3 - 4*o**2 + 5*o - 4. Let i be x(-6). Let d = 62 - i. What are the prime factors of d?
2, 3
Suppose -4*w - 4*y + y - 28 = 0, -28 = 4*w - 2*y. Let l = w + 12. List the prime factors of l.
5
Let f(y) = -2*y**2 - 4*y. Let l be f(-3). Let r(k) = k**2 + 4*k - 2. Let c be r(l). Suppose 0 = -4*u + 2*u + c. List the prime factors of u.
5
Suppose -6*h = -h. Let y = 1 - h. List the prime factors of y - -1 - 3 - -7.
2, 3
Let w = 11 + -7. Suppose 3*b = w*v + 28 + 3, -4*b = 2*v - 12. What are the prime factors of ((-2)/3)/(v/102)?
17
Suppose -4*f + 116 = -2*f. List the prime factors of f.
2, 29
Let c be (0 - 0)*1/1. Let j be (-1 + 6/4)*c. Suppose 39 = 2*k - 3*z, 58 = 4*k - j*k - 2*z. What are the prime factors of k?
2, 3
Let v = -23 - -14. Let f(j) = -14*j**3 - 2*j - 1. Let t be f(-1). Let o = t + v. What are the prime factors of o?
2, 3
Let b = 5 + -5. Suppose g - 3*g + 20 = b. What are the prime factors of 207/15 - (-2)/g?
2, 7
Let f = 16 + -10. Let q = 0 - -3. Suppose 18 + f = q*t. List the prime factors of t.
2
Suppose -4*n + 12 = -0*n, 5*y - 4*n - 253 = 0. List the prime factors of y.
53
Let x(r) = r**3 - 6*r**2 + 2*r - 5. Let o(y) = 6*y**3 + y**2 - 1. Let h be (4 - 1) + (-2 - 0). Let v be o(h). List the prime factors of x(v).
7
Let g(v) = v**3 + 2*v**2 - 1. Let t be g(1). What are the prime factors of -1 + 1 + (t - -1)?
3
Let s = 21 - 11. Suppose 12 = s*k - 7*k. What are the prime factors of k?
2
Let j(f) be the first derivative of f**4/4 + 7*f**3/3 - 9*f**2/2 - 3*f - 2. Suppose 5 = -i - 3. List the prime factors of j(i).
5
List the prime factors of 12/(-42) + 121/7.
17
Let j(t) = -t**2 - 6*t - 5. Let v be 3/(-3 + 0)*7. Let f be j(v). Let h = f - -21. List the prime factors of h.
3
Let z(f) = f**3 - f**2 + 2*f + 12. Let x be z(0). Suppose -x*k + 10*k = -62. What are the prime factors of k?
31
Let z be ((-1)/3)/((-5)/75). Suppose 0*g = z*g + 25, -a = -g + 16. List the prime factors of 2/3*a/(-2).
7
Suppose 3*z + 78 + 129 = 0. Let x = -9 - z. List the prime factors of (-2)/3 + x/9.
2, 3
Let n = 23 - 24. Let x = -11 - -8. What are the prime factors of x/((-9)/39) + n?
2, 3
Suppose 5*o + 3 = -2. Let y be 1 + o + -6*1. Let n = 18 + y. What are the prime factors of n?
2, 3
Let i(d) = -d**3 + 6*d**2 - 4*d + 3. Let n be 4 - 2 - -2*1. List the prime factors of i(n).
19
Let c be 32/2 - (0 + 1). Suppose l - x - 15 = 4*x, c = l + 4*x. List the prime factors of l.
3, 5
Suppose -2*p = -9 - 29. List the prime factors of p.
19
Let a(p) = p**3 - 4*p**2 - 7*p + 16. What are the prime factors of a(7)?
2, 3, 19
Let k = 16 + -12. What are the prime factors of (-660)/(-45)*6/k?
2, 11
Let y be (-3)/9 + 237/9. Let g = 52 - y. List the prime factors of g.
2, 13
Let s = -7 + 11. Let f = 48 - s. List the prime factors of f.
2, 11
Suppose -1975 = -9*f - 16*f. List the prime factors of f.
79
Let f(u) = -u**2 + 2*u - 2. Let z be f(2). Let r = z + 10. What are the prime factors of r?
2
Suppose -30 - 14 = 4*r. Let u be 0/(2 + -4) - 2. W